{"id":11621,"date":"2024-09-24T08:24:14","date_gmt":"2024-09-24T08:24:14","guid":{"rendered":"https:\/\/rosa-manufaktur.de\/?page_id=11621"},"modified":"2024-09-24T09:07:15","modified_gmt":"2024-09-24T09:07:15","slug":"about","status":"publish","type":"page","link":"https:\/\/dieperueckemobil.de\/?page_id=11621","title":{"rendered":"\u00dcBER UNS"},"content":{"rendered":"\t\t<div data-elementor-type=\"wp-page\" data-elementor-id=\"11621\" class=\"elementor elementor-11621\" data-elementor-post-type=\"page\">\n\t\t\t\t<div class=\"elementor-element elementor-element-f270215 e-con-full qode_elementor_container_inner e-flex parallax_section_no e-con e-parent\" data-id=\"f270215\" data-element_type=\"container\" data-e-type=\"container\">\n\t\t<div class=\"elementor-element elementor-element-1dac809 e-con-full e-flex parallax_section_no qode_elementor_container_no e-con e-child\" data-id=\"1dac809\" data-element_type=\"container\" data-e-type=\"container\">\n\t\t\t\t<div class=\"elementor-element elementor-element-1c90f95 elementor-widget elementor-widget-text-editor\" data-id=\"1c90f95\" data-element_type=\"widget\" data-e-type=\"widget\" data-widget_type=\"text-editor.default\">\n\t\t\t\t<div class=\"elementor-widget-container\">\n\t\t\t\t\t\t\t\t\t<h1><b>F\u00dcR SIE NUR DAS BESTE.<\/b><\/h1>\t\t\t\t\t\t\t\t<\/div>\n\t\t\t\t<\/div>\n\t\t\t\t<div class=\"elementor-element elementor-element-338d03b elementor-widget elementor-widget-text-editor\" data-id=\"338d03b\" data-element_type=\"widget\" data-e-type=\"widget\" data-widget_type=\"text-editor.default\">\n\t\t\t\t<div class=\"elementor-widget-container\">\n\t\t\t\t\t\t\t\t\t<p class=\"MsoNormal\" style=\"margin: 0cm 0cm 0.0001pt; font-size: medium; font-family: Calibri, sans-serif; caret-color: #000000; color: #000000;\">Seit \u00fcber 32 Jahre bin ich Friseurin\/Friseurmeisterin und habe die Zusatzausbildung \u201eFachkraft f\u00fcr Zweithaar\u201c erfolgreich abgelegt.<\/p><p class=\"MsoNormal\" style=\"margin: 0cm 0cm 0.0001pt; font-size: medium; font-family: Calibri, sans-serif; caret-color: #000000; color: #000000;\">\u00a0<\/p><p class=\"MsoNormal\" style=\"margin: 0cm 0cm 0.0001pt; font-size: medium; font-family: Calibri, sans-serif; caret-color: #000000; color: #000000;\">\u00a0<\/p><p class=\"MsoNormal\" style=\"margin: 0cm 0cm 0.0001pt; font-size: medium; font-family: Calibri, sans-serif; caret-color: #000000; color: #000000;\">Mein Hauptanliegen ist es, Sie von der ersten Beratung bis zur richtigen Pflege des Zweithaares kompetent und einf\u00fchlsam zu begleiten.\u00a0<\/p><p class=\"MsoNormal\" style=\"margin: 0cm 0cm 0.0001pt; font-size: medium; font-family: Calibri, sans-serif; caret-color: #000000; color: #000000;\">\u00a0<\/p><p class=\"MsoNormal\" style=\"margin: 0cm 0cm 0.0001pt; font-size: medium; font-family: Calibri, sans-serif; caret-color: #000000; color: #000000;\">\u00a0<\/p><p class=\"MsoNormal\" style=\"margin: 0cm 0cm 0.0001pt; font-size: medium; font-family: Calibri, sans-serif; caret-color: #000000; color: #000000;\">Vom ersten Termin bis zur fertigen Per\u00fccke ben\u00f6tigen wir drei Termine, an denen gerne auch Familie und Freunde teilnehmen k\u00f6nnen.<\/p>\t\t\t\t\t\t\t\t<\/div>\n\t\t\t\t<\/div>\n\t\t\t\t<\/div>\n\t\t<div class=\"elementor-element elementor-element-0c5e35c e-con-full e-flex parallax_section_no qode_elementor_container_no e-con e-child\" data-id=\"0c5e35c\" data-element_type=\"container\" data-e-type=\"container\">\n\t\t\t\t<div class=\"elementor-element elementor-element-8243c2f elementor-widget elementor-widget-qi_addons_for_elementor_image_gallery_masonry\" data-id=\"8243c2f\" data-element_type=\"widget\" data-e-type=\"widget\" data-widget_type=\"qi_addons_for_elementor_image_gallery_masonry.default\">\n\t\t\t\t<div class=\"elementor-widget-container\">\n\t\t\t\t\t<div class=\"qodef-shortcode qodef-m qodef-qi-image-gallery-masonry qodef-qi-fslightbox-popup qodef-popup-gallery qodef-image--hover-zoom qodef-qi-grid qodef-layout--qi-masonry qodef-items--fixed qodef-col-num--2 qodef-responsive--predefined\">\n\t<div class=\"qodef-grid-inner\">\n\t\t\t<div class=\"qodef-qi-grid-masonry-sizer\"><\/div>\n<div class=\"qodef-e qodef-image-wrapper qodef-grid-item qodef-item--\">\n\t<div class=\"qodef-e-inner\">\n\t\t\t\t\t<a class=\"qodef-popup-item\" itemprop=\"image\" href=\"https:\/\/dieperueckemobil.de\/wp-content\/uploads\/2024\/09\/bild-1.jpg\" data-type=\"image\" data-fslightbox=\"gallery-1\">\n\t\t\t\t\t<img fetchpriority=\"high\" decoding=\"async\" width=\"240\" height=\"320\" src=\"https:\/\/dieperueckemobil.de\/wp-content\/uploads\/2024\/09\/bild-1.jpg\" class=\"attachment- size-\" alt=\"\" srcset=\"https:\/\/dieperueckemobil.de\/wp-content\/uploads\/2024\/09\/bild-1.jpg 240w, https:\/\/dieperueckemobil.de\/wp-content\/uploads\/2024\/09\/bild-1-225x300.jpg 225w\" sizes=\"(max-width: 240px) 100vw, 240px\" \/>\t\t\t\t\t<\/a>\n\t\t\t<\/div>\n<\/div>\n<div class=\"qodef-e qodef-image-wrapper qodef-grid-item qodef-item--\">\n\t<div class=\"qodef-e-inner\">\n\t\t\t\t\t<a class=\"qodef-popup-item\" itemprop=\"image\" href=\"https:\/\/dieperueckemobil.de\/wp-content\/uploads\/2024\/09\/bild-2.jpg\" data-type=\"image\" data-fslightbox=\"gallery-1\">\n\t\t\t\t\t<img decoding=\"async\" width=\"198\" height=\"210\" src=\"https:\/\/dieperueckemobil.de\/wp-content\/uploads\/2024\/09\/bild-2.jpg\" class=\"attachment- size-\" alt=\"\" \/>\t\t\t\t\t<\/a>\n\t\t\t<\/div>\n<\/div>\n<div class=\"qodef-e qodef-image-wrapper qodef-grid-item qodef-item--\">\n\t<div class=\"qodef-e-inner\">\n\t\t\t\t\t<a class=\"qodef-popup-item\" itemprop=\"image\" href=\"https:\/\/dieperueckemobil.de\/wp-content\/uploads\/2024\/09\/bild-3.jpg\" data-type=\"image\" data-fslightbox=\"gallery-1\">\n\t\t\t\t\t<img decoding=\"async\" width=\"198\" height=\"210\" src=\"https:\/\/dieperueckemobil.de\/wp-content\/uploads\/2024\/09\/bild-3.jpg\" class=\"attachment- size-\" alt=\"\" \/>\t\t\t\t\t<\/a>\n\t\t\t<\/div>\n<\/div>\n\t<\/div>\n<\/div>\n\t\t\t\t<\/div>\n\t\t\t\t<\/div>\n\t\t\t\t<\/div>\n\t\t\t\t<\/div>\n\t\t<div class=\"elementor-element elementor-element-d10acc9 e-flex e-con-boxed parallax_section_no qode_elementor_container_no e-con e-parent\" data-id=\"d10acc9\" data-element_type=\"container\" data-e-type=\"container\" data-settings=\"{&quot;background_background&quot;:&quot;classic&quot;}\">\n\t\t\t\t\t<div class=\"e-con-inner\">\n\t\t\t\t<div class=\"elementor-element elementor-element-c47cbe7 elementor-widget elementor-widget-heading\" data-id=\"c47cbe7\" data-element_type=\"widget\" data-e-type=\"widget\" data-widget_type=\"heading.default\">\n\t\t\t\t<div class=\"elementor-widget-container\">\n\t\t\t\t\t<h2 class=\"elementor-heading-title elementor-size-default\"><p style=\"text-align: justify;font-style: normal;font-size: 23px;line-height: normal;font-family: Helvetica\"><span style=\"font-family: var( --e-global-typography-primary-font-family ), Sans-serif;font-size: 44px;letter-spacing: 0px;text-align: var(--text-align)\">BERATUNGSABLAUF:<\/span><span style=\"font-family: var( --e-global-typography-primary-font-family ), Sans-serif;font-size: 44px;letter-spacing: 0px;text-align: var(--text-align)\"><\/span><br><\/p><\/h2>\t\t\t\t<\/div>\n\t\t\t\t<\/div>\n\t\t<div class=\"elementor-element elementor-element-25134bf e-con-full e-flex parallax_section_no qode_elementor_container_no e-con e-child\" data-id=\"25134bf\" data-element_type=\"container\" data-e-type=\"container\" data-settings=\"{&quot;background_background&quot;:&quot;classic&quot;}\">\n\t\t<div class=\"elementor-element elementor-element-034d7ca e-grid e-con-boxed parallax_section_no qode_elementor_container_no e-con e-child\" data-id=\"034d7ca\" data-element_type=\"container\" data-e-type=\"container\">\n\t\t\t\t\t<div class=\"e-con-inner\">\n\t\t\t\t<div class=\"elementor-element elementor-element-89c72f6 elementor-widget elementor-widget-bridge_info_card_with_icon\" data-id=\"89c72f6\" data-element_type=\"widget\" data-e-type=\"widget\" data-widget_type=\"bridge_info_card_with_icon.default\">\n\t\t\t\t<div class=\"elementor-widget-container\">\n\t\t\t\t\t<div class=\"qode-info-card-with-icon\">\n    <div class=\"qode-icwi-image-icon-holder qode-start-icon-hover\">\n\t\t\t\t\t\t<div class=\"qode-icwi-icon-holder\">\n\t\t\t<span class=\"qode-icon-holder qode-icon-circle qode-icon-small\"   >\n\t\t\t\t<span aria-hidden=\"true\" class=\"qode_icon_font_elegant icon_toolbox qode-icon-element\" style=\"\" ><\/span>\t\t\t<\/span>\n\t\t<\/div>\n\t\t\t<\/div>\n\t<div class=\"qode-icwi-text-holder\">\n\t\t\t\t\t<h3 class=\"qode-icwi-title\">\n\t\t\t\t1. Termin:\t\t\t<\/h3>\n\t\t\t\t\t\t\t<p class=\"qode-icwi-text\">\n\t\t\t\tAbstimmung der pers\u00f6nlichen W\u00fcnsche (L\u00e4nge\/Farbe), individuelle Frisurenberatung, messen des Kopfumfang, Beratung \u00fcber die verschieden Haararten (Echthaar\/Kunstfaser) und den richtige Umgang mit Per\u00fccken\/Haarteile. Abstimmung der Abrechnung - falls ein Rezept vorliegt wird dieses von mir mit einem Kostenvoranschlag bei der Krankenkasse eingereicht.\t\t\t<\/p>\n\t\t\t<\/div>\n<\/div>\t\t\t\t<\/div>\n\t\t\t\t<\/div>\n\t\t\t\t<div class=\"elementor-element elementor-element-9bce9d8 elementor-widget elementor-widget-bridge_info_card_with_icon\" data-id=\"9bce9d8\" data-element_type=\"widget\" data-e-type=\"widget\" data-widget_type=\"bridge_info_card_with_icon.default\">\n\t\t\t\t<div class=\"elementor-widget-container\">\n\t\t\t\t\t<div class=\"qode-info-card-with-icon\">\n    <div class=\"qode-icwi-image-icon-holder qode-start-icon-hover\">\n\t\t\t\t\t\t<div class=\"qode-icwi-icon-holder\">\n\t\t\t<span class=\"qode-icon-holder qode-icon-circle qode-icon-small\"   >\n\t\t\t\t<span aria-hidden=\"true\" class=\"qode_icon_font_elegant icon_target qode-icon-element\" style=\"\" ><\/span>\t\t\t<\/span>\n\t\t<\/div>\n\t\t\t<\/div>\n\t<div class=\"qode-icwi-text-holder\">\n\t\t\t\t\t<h3 class=\"qode-icwi-title\">\n\t\t\t\t2. Termin: \t\t\t<\/h3>\n\t\t\t\t\t\t\t<p class=\"qode-icwi-text\">\n\t\t\t\tBei diesem wird der Haarersatz ausgesucht, eingeschnitten und frisiert .\t\t\t<\/p>\n\t\t\t<\/div>\n<\/div>\t\t\t\t<\/div>\n\t\t\t\t<\/div>\n\t\t\t\t<div class=\"elementor-element elementor-element-d57ff0a elementor-widget elementor-widget-bridge_info_card_with_icon\" data-id=\"d57ff0a\" data-element_type=\"widget\" data-e-type=\"widget\" data-widget_type=\"bridge_info_card_with_icon.default\">\n\t\t\t\t<div class=\"elementor-widget-container\">\n\t\t\t\t\t<div class=\"qode-info-card-with-icon\">\n    <div class=\"qode-icwi-image-icon-holder qode-start-icon-hover\">\n\t\t\t\t\t\t<div class=\"qode-icwi-icon-holder\">\n\t\t\t<span class=\"qode-icon-holder qode-icon-circle qode-icon-small\"   >\n\t\t\t\t<span aria-hidden=\"true\" class=\"qode_icon_font_elegant icon_hourglass qode-icon-element\" style=\"\" ><\/span>\t\t\t<\/span>\n\t\t<\/div>\n\t\t\t<\/div>\n\t<div class=\"qode-icwi-text-holder\">\n\t\t\t\t\t<h3 class=\"qode-icwi-title\">\n\t\t\t\t3. Termin:\t\t\t<\/h3>\n\t\t\t\t\t\t\t<p class=\"qode-icwi-text\">\n\t\t\t\tHier wird gegebenenfalls nachgearbeitet.\t\t\t<\/p>\n\t\t\t<\/div>\n<\/div>\t\t\t\t<\/div>\n\t\t\t\t<\/div>\n\t\t\t\t\t<\/div>\n\t\t\t\t<\/div>\n\t\t\t\t<\/div>\n\t\t\t\t\t<\/div>\n\t\t\t\t<\/div>\n\t\t\t\t<\/div>\n\t\t","protected":false},"excerpt":{"rendered":"<p>F\u00dcR SIE NUR DAS BESTE. Seit \u00fcber 32 Jahre bin ich Friseurin\/Friseurmeisterin und habe die Zusatzausbildung \u201eFachkraft f\u00fcr Zweithaar\u201c erfolgreich abgelegt. \u00a0 \u00a0 Mein Hauptanliegen ist es, Sie von der ersten Beratung bis zur richtigen Pflege des Zweithaares kompetent und einf\u00fchlsam zu begleiten.\u00a0 \u00a0 \u00a0&#8230;<\/p>\n","protected":false},"author":1,"featured_media":0,"parent":0,"menu_order":0,"comment_status":"closed","ping_status":"closed","template":"full_width.php","meta":{"footnotes":""},"class_list":["post-11621","page","type-page","status-publish","hentry"],"_links":{"self":[{"href":"https:\/\/dieperueckemobil.de\/index.php?rest_route=\/wp\/v2\/pages\/11621","targetHints":{"allow":["GET"]}}],"collection":[{"href":"https:\/\/dieperueckemobil.de\/index.php?rest_route=\/wp\/v2\/pages"}],"about":[{"href":"https:\/\/dieperueckemobil.de\/index.php?rest_route=\/wp\/v2\/types\/page"}],"author":[{"embeddable":true,"href":"https:\/\/dieperueckemobil.de\/index.php?rest_route=\/wp\/v2\/users\/1"}],"replies":[{"embeddable":true,"href":"https:\/\/dieperueckemobil.de\/index.php?rest_route=%2Fwp%2Fv2%2Fcomments&post=11621"}],"version-history":[{"count":10,"href":"https:\/\/dieperueckemobil.de\/index.php?rest_route=\/wp\/v2\/pages\/11621\/revisions"}],"predecessor-version":[{"id":11768,"href":"https:\/\/dieperueckemobil.de\/index.php?rest_route=\/wp\/v2\/pages\/11621\/revisions\/11768"}],"wp:attachment":[{"href":"https:\/\/dieperueckemobil.de\/index.php?rest_route=%2Fwp%2Fv2%2Fmedia&parent=11621"}],"curies":[{"name":"wp","href":"https:\/\/api.w.org\/{rel}","templated":true}]}}

ÜBER UNS

<div data-elementor-type="wp-page" data-elementor-id="11621" class="elementor elementor-11621" data-elementor-post-type="page">
				<div class="elementor-element elementor-element-f270215 e-con-full qode_elementor_container_inner e-flex parallax_section_no e-con e-parent" data-id="f270215" data-element_type="container" data-e-type="container">
		<div class="elementor-element elementor-element-1dac809 e-con-full e-flex parallax_section_no qode_elementor_container_no e-con e-child" data-id="1dac809" data-element_type="container" data-e-type="container">
				<div class="elementor-element elementor-element-1c90f95 elementor-widget elementor-widget-text-editor" data-id="1c90f95" data-element_type="widget" data-e-type="widget" data-widget_type="text-editor.default">
				<div class="elementor-widget-container">
									<h1><b>FÜR SIE NUR DAS BESTE.</b></h1>								</div>
				</div>
				<div class="elementor-element elementor-element-338d03b elementor-widget elementor-widget-text-editor" data-id="338d03b" data-element_type="widget" data-e-type="widget" data-widget_type="text-editor.default">
				<div class="elementor-widget-container">
									<p class="MsoNormal" style="margin: 0cm 0cm 0.0001pt; font-size: medium; font-family: Calibri, sans-serif; caret-color: #000000; color: #000000;">Seit über 32 Jahre bin ich Friseurin/Friseurmeisterin und habe die Zusatzausbildung „Fachkraft für Zweithaar“ erfolgreich abgelegt.</p><p class="MsoNormal" style="margin: 0cm 0cm 0.0001pt; font-size: medium; font-family: Calibri, sans-serif; caret-color: #000000; color: #000000;"> </p><p class="MsoNormal" style="margin: 0cm 0cm 0.0001pt; font-size: medium; font-family: Calibri, sans-serif; caret-color: #000000; color: #000000;"> </p><p class="MsoNormal" style="margin: 0cm 0cm 0.0001pt; font-size: medium; font-family: Calibri, sans-serif; caret-color: #000000; color: #000000;">Mein Hauptanliegen ist es, Sie von der ersten Beratung bis zur richtigen Pflege des Zweithaares kompetent und einfühlsam zu begleiten. </p><p class="MsoNormal" style="margin: 0cm 0cm 0.0001pt; font-size: medium; font-family: Calibri, sans-serif; caret-color: #000000; color: #000000;"> </p><p class="MsoNormal" style="margin: 0cm 0cm 0.0001pt; font-size: medium; font-family: Calibri, sans-serif; caret-color: #000000; color: #000000;"> </p><p class="MsoNormal" style="margin: 0cm 0cm 0.0001pt; font-size: medium; font-family: Calibri, sans-serif; caret-color: #000000; color: #000000;">Vom ersten Termin bis zur fertigen Perücke benötigen wir drei Termine, an denen gerne auch Familie und Freunde teilnehmen können.</p>								</div>
				</div>
				</div>
		<div class="elementor-element elementor-element-0c5e35c e-con-full e-flex parallax_section_no qode_elementor_container_no e-con e-child" data-id="0c5e35c" data-element_type="container" data-e-type="container">
				<div class="elementor-element elementor-element-8243c2f elementor-widget elementor-widget-qi_addons_for_elementor_image_gallery_masonry" data-id="8243c2f" data-element_type="widget" data-e-type="widget" data-widget_type="qi_addons_for_elementor_image_gallery_masonry.default">
				<div class="elementor-widget-container">
					<div class="qodef-shortcode qodef-m qodef-qi-image-gallery-masonry qodef-qi-fslightbox-popup qodef-popup-gallery qodef-image--hover-zoom qodef-qi-grid qodef-layout--qi-masonry qodef-items--fixed qodef-col-num--2 qodef-responsive--predefined">
	<div class="qodef-grid-inner">
			<div class="qodef-qi-grid-masonry-sizer"></div>
<div class="qodef-e qodef-image-wrapper qodef-grid-item qodef-item--">
	<div class="qodef-e-inner">
					<a class="qodef-popup-item" itemprop="image" href="https://dieperueckemobil.de/wp-content/uploads/2024/09/bild-1.jpg" data-type="image" data-fslightbox="gallery-1">
					<img fetchpriority="high" decoding="async" width="240" height="320" src="https://dieperueckemobil.de/wp-content/uploads/2024/09/bild-1.jpg" class="attachment- size-" alt="" srcset="https://dieperueckemobil.de/wp-content/uploads/2024/09/bild-1.jpg 240w, https://dieperueckemobil.de/wp-content/uploads/2024/09/bild-1-225x300.jpg 225w" sizes="(max-width: 240px) 100vw, 240px" />					</a>
			</div>
</div>
<div class="qodef-e qodef-image-wrapper qodef-grid-item qodef-item--">
	<div class="qodef-e-inner">
					<a class="qodef-popup-item" itemprop="image" href="https://dieperueckemobil.de/wp-content/uploads/2024/09/bild-2.jpg" data-type="image" data-fslightbox="gallery-1">
					<img decoding="async" width="198" height="210" src="https://dieperueckemobil.de/wp-content/uploads/2024/09/bild-2.jpg" class="attachment- size-" alt="" />					</a>
			</div>
</div>
<div class="qodef-e qodef-image-wrapper qodef-grid-item qodef-item--">
	<div class="qodef-e-inner">
					<a class="qodef-popup-item" itemprop="image" href="https://dieperueckemobil.de/wp-content/uploads/2024/09/bild-3.jpg" data-type="image" data-fslightbox="gallery-1">
					<img decoding="async" width="198" height="210" src="https://dieperueckemobil.de/wp-content/uploads/2024/09/bild-3.jpg" class="attachment- size-" alt="" />					</a>
			</div>
</div>
	</div>
</div>
				</div>
				</div>
				</div>
				</div>
		<div class="elementor-element elementor-element-d10acc9 e-flex e-con-boxed parallax_section_no qode_elementor_container_no e-con e-parent" data-id="d10acc9" data-element_type="container" data-e-type="container" data-settings="{&quot;background_background&quot;:&quot;classic&quot;}">
					<div class="e-con-inner">
				<div class="elementor-element elementor-element-c47cbe7 elementor-widget elementor-widget-heading" data-id="c47cbe7" data-element_type="widget" data-e-type="widget" data-widget_type="heading.default">
				<div class="elementor-widget-container">
					<h2 class="elementor-heading-title elementor-size-default"><p style="text-align: justify;font-style: normal;font-size: 23px;line-height: normal;font-family: Helvetica"><span style="font-family: var( --e-global-typography-primary-font-family ), Sans-serif;font-size: 44px;letter-spacing: 0px;text-align: var(--text-align)">BERATUNGSABLAUF:</span><span style="font-family: var( --e-global-typography-primary-font-family ), Sans-serif;font-size: 44px;letter-spacing: 0px;text-align: var(--text-align)"></span><br></p></h2>				</div>
				</div>
		<div class="elementor-element elementor-element-25134bf e-con-full e-flex parallax_section_no qode_elementor_container_no e-con e-child" data-id="25134bf" data-element_type="container" data-e-type="container" data-settings="{&quot;background_background&quot;:&quot;classic&quot;}">
		<div class="elementor-element elementor-element-034d7ca e-grid e-con-boxed parallax_section_no qode_elementor_container_no e-con e-child" data-id="034d7ca" data-element_type="container" data-e-type="container">
					<div class="e-con-inner">
				<div class="elementor-element elementor-element-89c72f6 elementor-widget elementor-widget-bridge_info_card_with_icon" data-id="89c72f6" data-element_type="widget" data-e-type="widget" data-widget_type="bridge_info_card_with_icon.default">
				<div class="elementor-widget-container">
					<div class="qode-info-card-with-icon">
    <div class="qode-icwi-image-icon-holder qode-start-icon-hover">
						<div class="qode-icwi-icon-holder">
			<span class="qode-icon-holder qode-icon-circle qode-icon-small"   >
				<span aria-hidden="true" class="qode_icon_font_elegant icon_toolbox qode-icon-element" style="" ></span>			</span>
		</div>
			</div>
	<div class="qode-icwi-text-holder">
					<h3 class="qode-icwi-title">
				1. Termin:			</h3>
							<p class="qode-icwi-text">
				Abstimmung der persönlichen Wünsche (Länge/Farbe), individuelle Frisurenberatung, messen des Kopfumfang, Beratung über die verschieden Haararten (Echthaar/Kunstfaser) und den richtige Umgang mit Perücken/Haarteile. Abstimmung der Abrechnung - falls ein Rezept vorliegt wird dieses von mir mit einem Kostenvoranschlag bei der Krankenkasse eingereicht.			</p>
			</div>
</div>				</div>
				</div>
				<div class="elementor-element elementor-element-9bce9d8 elementor-widget elementor-widget-bridge_info_card_with_icon" data-id="9bce9d8" data-element_type="widget" data-e-type="widget" data-widget_type="bridge_info_card_with_icon.default">
				<div class="elementor-widget-container">
					<div class="qode-info-card-with-icon">
    <div class="qode-icwi-image-icon-holder qode-start-icon-hover">
						<div class="qode-icwi-icon-holder">
			<span class="qode-icon-holder qode-icon-circle qode-icon-small"   >
				<span aria-hidden="true" class="qode_icon_font_elegant icon_target qode-icon-element" style="" ></span>			</span>
		</div>
			</div>
	<div class="qode-icwi-text-holder">
					<h3 class="qode-icwi-title">
				2. Termin: 			</h3>
							<p class="qode-icwi-text">
				Bei diesem wird der Haarersatz ausgesucht, eingeschnitten und frisiert .			</p>
			</div>
</div>				</div>
				</div>
				<div class="elementor-element elementor-element-d57ff0a elementor-widget elementor-widget-bridge_info_card_with_icon" data-id="d57ff0a" data-element_type="widget" data-e-type="widget" data-widget_type="bridge_info_card_with_icon.default">
				<div class="elementor-widget-container">
					<div class="qode-info-card-with-icon">
    <div class="qode-icwi-image-icon-holder qode-start-icon-hover">
						<div class="qode-icwi-icon-holder">
			<span class="qode-icon-holder qode-icon-circle qode-icon-small"   >
				<span aria-hidden="true" class="qode_icon_font_elegant icon_hourglass qode-icon-element" style="" ></span>			</span>
		</div>
			</div>
	<div class="qode-icwi-text-holder">
					<h3 class="qode-icwi-title">
				3. Termin:			</h3>
							<p class="qode-icwi-text">
				Hier wird gegebenenfalls nachgearbeitet.			</p>
			</div>
</div>				</div>
				</div>
					</div>
				</div>
				</div>
					</div>
				</div>
				</div>

<p>FÜR SIE NUR DAS BESTE. Seit über 32 Jahre bin ich Friseurin/Friseurmeisterin und habe die Zusatzausbildung „Fachkraft für Zweithaar“ erfolgreich abgelegt.     Mein Hauptanliegen ist es, Sie von der ersten Beratung bis zur richtigen Pflege des Zweithaares kompetent und einfühlsam zu begleiten.     &#8230;</p>
